{"id":2,"date":"2016-05-10T03:48:21","date_gmt":"2016-05-10T03:48:21","guid":{"rendered":"http:\/\/wp452m.a10-52-158-154.qa.plesk.ru\/wordpress\/?page_id=2"},"modified":"2017-02-18T06:39:12","modified_gmt":"2017-02-18T06:39:12","slug":"ueber-dieses-projekt","status":"publish","type":"page","link":"https:\/\/jessel.de\/365-tage-sylt\/ueber-dieses-projekt\/","title":{"rendered":"\u00dcber dieses Projekt"},"content":{"rendered":"<p class=\"p1\"><span class=\"s1\">365 Tage Sylt &#8211; Ein Foto-Tagebuch<\/span><\/p>\n<div>\n<div><img loading=\"lazy\" decoding=\"async\" class=\"alignnone size-full wp-image-58\" src=\"http:\/\/jessel.de\/365-tage-sylt\/wp-content\/uploads\/2016\/05\/Sylt_Tinnum_Brennende-Biike_20140221_4947.jpg\" alt=\"\" width=\"600\" height=\"399\" srcset=\"https:\/\/jessel.de\/365-tage-sylt\/wp-content\/uploads\/2016\/05\/Sylt_Tinnum_Brennende-Biike_20140221_4947.jpg 600w, https:\/\/jessel.de\/365-tage-sylt\/wp-content\/uploads\/2016\/05\/Sylt_Tinnum_Brennende-Biike_20140221_4947-300x200.jpg 300w\" sizes=\"auto, (max-width: 600px) 100vw, 600px\" \/><\/div>\n<\/div>\n<div><\/div>\n<div>\n<p class=\"p1\"><span class=\"s1\">Am 21. Februar 2017, beginnend also mit unserem traditionellen Biikebrennen, starte ich ein einj\u00e4hriges Projekt: Jeden Tag ein Foto von der Insel Sylt, m\u00f6glichst tagesaktuell &#8211; zumindest aber sehr zeitnah fotografiert. Dazu in Textform Anmerkungen, Erlebnisse, besondere Vorkommnisse und Gedankeng\u00e4nge aus dem Leben eines &#8222;Insel&#8220;-Fotografen &#8211; je nach Lust und Laune. Und sicher auch je nach Resonanz der Leser dieses Blogs.<\/span><\/p>\n<\/div>\n<p class=\"p1\"><img loading=\"lazy\" decoding=\"async\" class=\"alignnone size-full wp-image-59\" src=\"http:\/\/jessel.de\/365-tage-sylt\/wp-content\/uploads\/2016\/05\/Sylt_List_Oststrand_Stranduebergang-am-fruehen-Morgen_20160827_2064-Panorama.jpg\" alt=\"\" width=\"600\" height=\"258\" srcset=\"https:\/\/jessel.de\/365-tage-sylt\/wp-content\/uploads\/2016\/05\/Sylt_List_Oststrand_Stranduebergang-am-fruehen-Morgen_20160827_2064-Panorama.jpg 600w, https:\/\/jessel.de\/365-tage-sylt\/wp-content\/uploads\/2016\/05\/Sylt_List_Oststrand_Stranduebergang-am-fruehen-Morgen_20160827_2064-Panorama-300x129.jpg 300w\" sizes=\"auto, (max-width: 600px) 100vw, 600px\" \/><\/p>\n<p class=\"p1\"><span class=\"Apple-style-span\">Warum das Ganze? Seit fast 40 Jahren fotografiere ich nun auf meiner Heimatinsel. In \u00fcber 20 Bildb\u00e4nden, weit \u00fcber 100 Kalendern und unz\u00e4hligen Zeitschriftenbeitr\u00e4gen wurden meine Bilder ver\u00f6ffentlicht. Immer entschieden dabei vornehmlich Bildredakteure \u00fcber die letztliche Auswahl &#8211; zwar wurde mir mit den Jahren und Jahrzehnten vertraglich ein zunehmendes &#8222;Mitspracherecht&#8220; einger\u00e4umt, oft genug urteilten Redakteure und Fotograf auch kongruent&#8230;., trotzdem: Immer gr\u00f6\u00dfer wurde mein Wunsch, einmal ganz pers\u00f6nlich entscheiden zu k\u00f6nnen, welche meiner Fotos in die \u00d6ffentlichkeit gelangen.\u00a0<\/span><\/p>\n<p class=\"p1\"><img loading=\"lazy\" decoding=\"async\" class=\"alignnone size-full wp-image-60\" src=\"http:\/\/jessel.de\/365-tage-sylt\/wp-content\/uploads\/2016\/05\/Bagger-2011.jpg\" alt=\"\" width=\"600\" height=\"376\" srcset=\"https:\/\/jessel.de\/365-tage-sylt\/wp-content\/uploads\/2016\/05\/Bagger-2011.jpg 600w, https:\/\/jessel.de\/365-tage-sylt\/wp-content\/uploads\/2016\/05\/Bagger-2011-300x188.jpg 300w\" sizes=\"auto, (max-width: 600px) 100vw, 600px\" \/><\/p>\n<p class=\"p1\"><span class=\"Apple-style-span\">Nat\u00fcrlich sind meine &#8222;sch\u00f6nen&#8220; Fotografien von gl\u00fchenden Sonnenaufg\u00e4ngen am Wattenmeer, von menschenleeren, unendlichen Str\u00e4nden, von Sch\u00e4fchenwolken \u00fcber weiten D\u00fcnenlandschaften, von gl\u00fccklichen Paaren beim Sundowner auf der Promenade diejenigen Bilder, von denen ich seit Anbeginn lebe &#8211; und die mir letztlich zu \u00fcberregionalem Bekanntheitsgrad verhalfen. Aber diese Fotografien sind auch Klischees, die letztlich in erster Linie der weiteren touristischen Inwertsetzung meiner Heimatinsel dienen, wogegen ja prinzipiell nichts einzuwenden ist. Aber bereits seit Jahrzehnten hadere ich mit der Tatsache, dass der Tourismus &#8211; auch durch mein Hinzutun &#8211; auf Sylt quantitativ derart aus den Fugen geraten ist, dass dieser der Insel wirklich Schaden zuf\u00fcgt. In meinen Ausstellungen \u00fcber die &#8222;Urbanen Landschaften&#8220; konnte ich bereits darauf eingehen.<\/span><\/p>\n<p class=\"p1\"><img loading=\"lazy\" decoding=\"async\" class=\"alignnone size-full wp-image-61\" src=\"http:\/\/jessel.de\/365-tage-sylt\/wp-content\/uploads\/2016\/05\/Ausstellungseroeffnung-Nordostsee-Sparkasse-16Sept2016klein.jpg\" alt=\"\" width=\"743\" height=\"600\" srcset=\"https:\/\/jessel.de\/365-tage-sylt\/wp-content\/uploads\/2016\/05\/Ausstellungseroeffnung-Nordostsee-Sparkasse-16Sept2016klein.jpg 743w, https:\/\/jessel.de\/365-tage-sylt\/wp-content\/uploads\/2016\/05\/Ausstellungseroeffnung-Nordostsee-Sparkasse-16Sept2016klein-300x242.jpg 300w\" sizes=\"auto, (max-width: 743px) 100vw, 743px\" \/><\/p>\n<div>\n<p class=\"p1\"><span class=\"s1\">In diesem Blog m\u00f6chte ich deshalb ein umfassenderes Bild der Insel pr\u00e4sentieren, und der grandiosen Landschaft auch Fotografien ganz &#8222;anderer Natur&#8220; gegen\u00fcberstellen. Und ich m\u00f6chte, durchaus pers\u00f6nlich und mit dem mir eigenen Humor, aus meinem Arbeitsalltag berichten &#8211; dabei gerne reagieren auf Anfragen meiner Leserschaft, die somit mitbestimmen kann, welche Richtung diese &#8222;Offenbarung&#8220; nimmt. Auf das Ergebnis bin ich selbst gespannt.\u00a0<\/span><\/p>\n<\/div>\n<div><\/div>\n<p class=\"p1\">\n","protected":false},"excerpt":{"rendered":"<p>365 Tage Sylt &#8211; Ein Foto-Tagebuch Am 21. Februar 2017, beginnend also mit unserem traditionellen Biikebrennen, starte ich ein einj\u00e4hriges Projekt: Jeden Tag ein Foto von der Insel Sylt, m\u00f6glichst tagesaktuell &#8211; zumindest aber sehr zeitnah fotografiert. Dazu in Textform Anmerkungen, Erlebnisse, besondere Vorkommnisse und Gedankeng\u00e4nge aus dem Leben eines &#8222;Insel&#8220;-Fotografen &#8211; je nach Lust und Laune. Und sicher auch je nach Resonanz der Leser dieses Blogs. Warum das Ganze?&hellip;<\/p>\n","protected":false},"author":1,"featured_media":0,"parent":0,"menu_order":0,"comment_status":"open","ping_status":"closed","template":"","meta":{"footnotes":""},"class_list":["post-2","page","type-page","status-publish","hentry"],"_links":{"self":[{"href":"https:\/\/jessel.de\/365-tage-sylt\/wp-json\/wp\/v2\/pages\/2","targetHints":{"allow":["GET"]}}],"collection":[{"href":"https:\/\/jessel.de\/365-tage-sylt\/wp-json\/wp\/v2\/pages"}],"about":[{"href":"https:\/\/jessel.de\/365-tage-sylt\/wp-json\/wp\/v2\/types\/page"}],"author":[{"embeddable":true,"href":"https:\/\/jessel.de\/365-tage-sylt\/wp-json\/wp\/v2\/users\/1"}],"replies":[{"embeddable":true,"href":"https:\/\/jessel.de\/365-tage-sylt\/wp-json\/wp\/v2\/comments?post=2"}],"version-history":[{"count":7,"href":"https:\/\/jessel.de\/365-tage-sylt\/wp-json\/wp\/v2\/pages\/2\/revisions"}],"predecessor-version":[{"id":144,"href":"https:\/\/jessel.de\/365-tage-sylt\/wp-json\/wp\/v2\/pages\/2\/revisions\/144"}],"wp:attachment":[{"href":"https:\/\/jessel.de\/365-tage-sylt\/wp-json\/wp\/v2\/media?parent=2"}],"curies":[{"name":"wp","href":"https:\/\/api.w.org\/{rel}","templated":true}]}}